25*q - 20. Give o(-6).
46
Let m(i) = 80*i - 961. Give m(11).
-81
Let i(k) = k**3 - 2*k**2 - 7*k + 7. Give i(5).
47
Let r(m) = 11*m**2 - 47*m + 122. Calculate r(3).
80
Let t(b) = -479*b - 59. What is t(-2)?
899
Let d(k) = -k**3 - 14*k**2 - 33*k - 454. Determine d(-14).
8
Let g(b) = b**3 - 15*b**2 - 9*b - 108. Determine g(16).
4
Let p(y) = -6*y + 80. Calculate p(12).
8
Let n(o) = -15*o**2 - 39. Give n(-7).
-774
Let i(h) = 3*h**2 + 76*h - 7833. What is i(40)?
7
Let i(w) = 27*w**2 + 6*w + 2. Give i(3).
263
Let p(g) = -43*g + 10. Give p(4).
-162
Let o(t) = -16*t**3 + 3*t**2 + t. Determine o(-1).
18
Let i(x) = -x**3 - 28*x**2 - 34*x + 9. Determine i(-27).
198
Let y(g) = -7*g - 30. What is y(-1)?
-23
Let l(u) = -2*u**2 - 19*u + 6. Calculate l(-10).
-4
Let u(g) = -2*g + 218. Give u(-9).
236
Let j(k) = -20*k**3 + 2*k**2 - 37*k - 38. What is j(-1)?
21
Let t(s) = 2*s**3 + 55*s**2 - 38*s - 71. What is t(-28)?
209
Let k(i) = 45*i + 17. What is k(-2)?
-73
Let f(j) = -j**2 + 39*j + 146. Give f(42).
20
Let l(q) = q**3 - 141*q**2 - 295*q + 1285. Determine l(143).
-2
Let i(m) = 69*m + 397. Determine i(-6).
-17
Let j(g) = g**3 + 77*g**2 - 677*g - 37. What is j(8)?
-13
Let p(y) = -666*y - 274397. What is p(-412)?
-5
Let y(d) = -d**3 + 193*d**2 - 2835*d + 528. Give y(177).
-3
Let g(y) = -529*y - 524. What is g(-1)?
5
Let g(a) = -a**2 + 62*a + 343. What is g(0)?
343
Let w(l) = -l**3 - 5*l**2 + 15*l + 50. What is w(-3)?
-13
Let i(a) = 2*a**3 + 53*a**2 + 22*a - 70. What is i(-26)?
34
Let j(p) = -19*p**3 + 3*p**2 - 2*p - 9. Give j(-2).
159
Let p(c) = -16*c**2 - 161*c - 11. What is p(-10)?
-1
Let l(x) = -107*x + 1318. What is l(13)?
-73
Let r(s) = -98*s + 1269. Calculate r(13).
-5
Let c(u) = u**3 - 15*u**2 + 21. Give c(10).
-479
Let z(j) = j**2 + 831*j + 5779. What is z(-7)?
11
Let g(u) = 2007*u + 7970. Determine g(-4).
-58
Let q(k) = 2*k**2 + 124*k + 685. Calculate q(-56).
13
Let h(o) = 16*o - 353. Calculate h(25).
47
Let b(u) = 4*u**2 + 103*u - 163. Calculate b(-28).
89
Let x(a) = 62*a - 7753. Determine x(125).
-3
Let f(b) = -41*b**2 - 3947*b - 1043. What is f(-96)?
13
Let c(k) = -153*k**2 - 1532*k - 15. Calculate c(-10).
5
Let l(y) = -224*y + 50628. Calculate l(226).
4
Let b(x) = 2*x**2 + 355*x - 183. Calculate b(-178).
-5
Let c(y) = 2643*y + 66070. Give c(-25).
-5
Let n(a) = -a**3 - 227*a**2 + 224*a - 885. What is n(-228)?
27
Let x(s) = -200*s - 6078. Determine x(-30).
-78
Let u(d) = 39*d - 776. Calculate u(20).
4
Let s(w) = 207*w + 8257. Calculate s(-40).
-23
Let p(l) = 147*l - 8981. Determine p(61).
-14
Let o(f) = -f**3 - 11*f**2 + 37*f - 61. Give o(-14).
9
Let i(l) = l**3 - 50*l**2 + 86*l + 527. Give i(48).
47
Let w(u) = 35*u + 109. Give w(-9).
-206
Let n(w) = -4*w + 175. Determine n(9).
139
Let m(o) = -22*o**3 - 859*o**2 - 39*o - 9. What is m(-39)?
-9
Let u(a) = -a**3 - 10*a**2 + 4*a + 38. Determine u(-10).
-2
Let i(k) = -k**3 - 5*k**2 + 27*k + 18. Determine i(-7).
-73
Let d(s) = s**3 - 20*s**2 - 25*s + 104. What is d(21)?
20
Let x(k) = 6*k**2 + 25*k + 137. Determine x(-6).
203
Let i(d) = 7*d**3 + 15*d**2 - 13*d - 2. Give i(-3).
-17
Let a(j) = -38*j - 840. Calculate a(-22).
-4
Let r(a) = -20*a - 127. Calculate r(-9).
53
Let l(x) = x**3 - 22*x**2 - 45*x - 754. Determine l(25).
-4
Let a(p) = p**2 - 42*p - 119. Calculate a(46).
65
Let d(v) = 2*v**3 - 42*v**2 - 390*v - 10. Give d(-7).
-24
Let s(h) = 7*h - 1408. Give s(190).
-78
Let g(p) = -31*p**2 + 309*p + 30. Give g(10).
20
Let x(f) = 54*f - 654. What is x(12)?
-6
Let b(h) = 6*h**2 - 9*h - 87. Give b(7).
144
Let k(p) = 14*p**2 + 30*p + 76. Give k(-3).
112
Let l(p) = -77*p + 1695. Determine l(22).
1
Let u(w) = w**3 - 10*w**2 + 14*w - 122. Determine u(10).
18
Let g(i) = 17*i + 264. Determine g(-24).
-144
Let x(b) = 320*b - 260. Determine x(1).
60
Let y(m) = m**3 - 46*m - 183. Determine y(-6).
-123
Let a(h) = h**3 + 19*h**2 + 83*h + 30. Give a(-4).
-62
Let g(d) = 8*d - 495. Give g(58).
-31
Let y(s) = s**2 - 8*s - 15. Calculate y(10).
5
Let w(b) = -b**3 - 23*b**2 - 87*b + 5. Calculate w(-5).
-10
Let v(a) = a**3 - 4*a**2 - 9*a + 94. What is v(0)?
94
Let j(d) = -2*d**2 - 19*d - 38. Determine j(-9).
-29
Let o(i) = -i**2 + 9*i - 97. Give o(9).
-97
Let w(c) = 1523*c - 124886. Determine w(82).
0
Let n(t) = -t**2 + 837*t - 15548. What is n(19)?
-6
Let y(n) = -1698*n - 1656. Give y(-1).
42
Let v(s) = 2*s**3 + 96*s**2 - 204*s - 211. What is v(-50)?
-11
Let c(b) = -5*b**2 - 29*b + 242. Give c(6).
-112
Let l(t) = -258*t - 1515. What is l(-6)?
33
Let s(d) = -d**3 + 5*d**2 + 29*d - 42. What is s(8)?
-2
Let i(x) = -241*x**2 + 5062*x - 8. What is i(21)?
13
Let d(i) = i**2 - 41*i + 37. Calculate d(30).
-293
Let y(g) = 966*g - 39600. Calculate y(41).
6
Let b(w) = w**2 - 35*w + 11. Determine b(33).
-55
Let a(r) = 1107*r - 32130. Give a(29).
-27
Let h(w) = -w**3 - 16*w**2 + 6*w - 171. Determine h(-17).
16
Let z(a) = -a**2 - 6*a + 42. Determine z(-11).
-13
Let n(f) = 158*f + 3321. Give n(-21).
3
Let a(k) = -k**3 + 7*k**2 - 32*k + 168. Calculate a(6).
12
Let b(l) = -335*l**2 - 21*l + 21. What is b(1)?
-335
Let c(s) = -2*s**3 + 2*s**2 + 7*s - 18. Calculate c(2).
-12
Let w(a) = -a**2 + 24*a + 13. Determine w(8).
141
Let j(h) = -h**3 + 66*h**2 + 1307*h - 73. Give j(-16).
7
Let l(s) = 34*s**2 - 58*s + 8. Determine l(2).
28
Let o(d) = -d**3 - 280*d**2 - 194*d + 23704. Determine o(-279).
-11
Let h(j) = -15*j + 270. What is h(10)?
120
Let j(a) = -a**2 - 118*a - 5. What is j(0)?
-5
Let c(q) = 18*q**2 + 300*q - 1181. Determine c(4).
307
Let l(o) = 119*o**2 + 953*o + 3. Determine l(-8).
-5
Let u(p) = 27*p + 533. Calculate u(-18).
47
Let w(k) = k**3 + 11*k**2 + 111*k + 1471. What is w(-12)?
-5
Let v(o) = -o**3 + 6*o**2 + 200*o - 1531. Calculate v(12).
5
Let m(j) = -2*j**3 - 7*j**2 - 216*j - 652. Give m(-3).
-13
Let m(s) = -26*s + 98. Give m(3).
20
Let v(p) = p**3 + 2*p**2 - 24*p - 11. Give v(-6).
-11
Let a(y) = -2*y**2 - 30*y + 91. Calculate a(-18).
-17
Let y(u) = 3*u**3 + 4*u**2 - 27*u + 7. What is y(-4)?
-13
Let m(f) = 256*f - 5840. Calculate m(23).
48
Let y(t) = 38802*t + 194007. What is y(-5)?
-3
Let q(s) = -s**3 - 3*s**2 - 27*s - 122. Determine q(-5).
63
Let v(o) = 5*o**3 - 19*o**2 + 24. Give v(3).
-12
Let q(s) = -17*s**3 + 136*s**2 + 36*s - 238. What is q(8)?
50
Let v(o) = o**2 - 11*o - 21. What is v(14)?
21
Let l(s) = s**3 + 20*s**2 - 15*s - 527. Calculate l(-5).
-77
Let m(z) = 16*z - 909. Calculate m(58).
19
Let v(g) = g**3 - 33*g**2 + 55*g + 1050. Give v(30).
0
Let x(g) = 7*g**2 - 8*g + 44. What is x(6)?
248
Let g(p) = p**2 + 67*p - 1700. What is g(19)?
-66
Let f(g) = -2*g**3 + 44*g**2 - 113*g + 1508. Give f(21).
17
Let w(j) = 22*j - 77. Determine w(-2).
-121
Let d(f) = 3682*f - 33153. Calculate d(9).
-15
Let i(b) = -24*b**2 - 81*b - 8. Determine i(-8).
-896
Let o(d) = 55*d + 1039. Calculate o(-20).
-61
Let i(x) = -x**3 + 34*x**2 - 13*x - 1. Determine i(0).
-1
Let x(u) = -2*u**2 + 2*u + 41. Determine x(6).
-19
Let b(q) = -70*q + 179. Calculate b(2).
39
Let d(q) = -196*q + 2989. Give d(15).
49
Let w(l) = 74*l**2 - 3*l + 8. Give w(2).
298
Let v(l) = l**3 + 18*l**2 - 3*l - 1. What is v(-18)?
53
Let q(j) = j**3 - 54*j**2 + 40*j + 526. Calculate q(53).
-163
Let m(d) = 417*d - 6602. Determine m(16).
70
Let n(c) = c**2 + 72*c + 1237. Give n(-28).
5
Let m(w) = w**3 - 15*w**2 - 77*w - 11. What is m(-4)?
-7
Let y(n) = -2*n**3 + 16*n**2 + 26*n - 311. Calculate y(5).
-31
Let i(t) = -t + 36. What is i(-26)?
62
Let m(j) = -j**2 + 17*j - 58. Give m(16).
-42
Let r(b) = 4*b - 22. Give r(-9).
-58
Let g(a) = 151*a - 15402. Calculate g(102).
0
Let n(k) = -287*k - 8651. What is n(-30)?
-41
Let x(l) = l**3 + 2*l**2 + 4*l + 387. Give x(0).
387
Let o(r) = r**3 - 8*r**2 - 44*r - 78. Give o(12).
-30
Let j(a) = 6*a**3 + 2*a**2 - 16*a + 7. Determine j(3).
139
Let m(i) = i**3 - 53*i**2 - 57*i + 132. Determine m(54).
-30
Let p(g) = g**3 - 10*g**2 + 48*g - 258. Calculate p(5).
-143
Let p(n) = 3*n**2 - 15*n - 8. Give p(6).
10
Let z(m) = -206*m - 2059. Give z(-10).
1
Let l(n) = 11*n**3 + 4*n**2 - 4*n + 1. Determine l(-3).
-248
Let r(t) = -t**2 - 1. Calculate r(3).
-10
Let w(t) = 136*t + 2837. Give w(-21).
-19
Let b(g) = 69*g + 2640. What is b(-39)?
-51
Let a(y) = 815*y + 4904. What is a(-6)?
14
Let p(c) = 27*c - 8. What is p(-5)?
-143
Let f(o) = -14*o + 438. Give f(3